{"id":12471,"date":"2023-08-28T08:54:35","date_gmt":"2023-08-28T08:54:35","guid":{"rendered":"https:\/\/obsindustrie.sn\/expo\/produit\/desodorisant-bureau\/"},"modified":"2023-09-03T17:55:39","modified_gmt":"2023-09-03T17:55:39","slug":"desodorisant-bureau","status":"publish","type":"product","link":"https:\/\/obsindustrie.sn\/expo\/produit\/desodorisant-bureau\/","title":{"rendered":"Eco Barri\u00e8re pour eaux d&#8217;incendie"},"content":{"rendered":"<body><p><strong>Eco-barri\u00e8re finition t\u00f4le acier perfor\u00e9e avec rev\u00eatement polyur\u00e9thane<\/strong>\u00a0dim. 3000 x 105 x ht 52 mm.<br>\nBarri\u00e8re permanente fix\u00e9e au sol de votre atelier pour contenir les liquides polluants.<br>\nTr\u00e8s haute r\u00e9sistance aux produits chimiques. Permet la circulation de v\u00e9hicules.<br>\nColoris orange RAL 2010 \u2013 Montage tr\u00e8s simple, notice fournie.<br>\nOPTIONS :<br>\nAngle<br>\nRaccord<\/p>\n<\/body>","protected":false},"excerpt":{"rendered":"<p>Eco-barri\u00e8re finition t\u00f4le acier perfor\u00e9e avec rev\u00eatement polyur\u00e9thane\u00a0dim. 3000 x 105 x ht 52 mm. Barri\u00e8re permanente fix\u00e9e au sol de votre atelier pour contenir les liquides polluants. Tr\u00e8s haute<\/p>\n","protected":false},"featured_media":12746,"template":"","meta":{"om_disable_all_campaigns":false},"product_brand":[],"product_cat":[237],"product_tag":[],"class_list":{"0":"post-12471","1":"product","2":"type-product","3":"status-publish","4":"has-post-thumbnail","6":"product_cat-traitement-de-leau","8":"first","9":"instock","10":"shipping-taxable","11":"purchasable","12":"product-type-simple"},"aioseo_notices":[],"_links":{"self":[{"href":"https:\/\/obsindustrie.sn\/expo\/wp-json\/wp\/v2\/product\/12471","targetHints":{"allow":["GET"]}}],"collection":[{"href":"https:\/\/obsindustrie.sn\/expo\/wp-json\/wp\/v2\/product"}],"about":[{"href":"https:\/\/obsindustrie.sn\/expo\/wp-json\/wp\/v2\/types\/product"}],"wp:featuredmedia":[{"embeddable":true,"href":"https:\/\/obsindustrie.sn\/expo\/wp-json\/wp\/v2\/media\/12746"}],"wp:attachment":[{"href":"https:\/\/obsindustrie.sn\/expo\/wp-json\/wp\/v2\/media?parent=12471"}],"wp:term":[{"taxonomy":"product_brand","embeddable":true,"href":"https:\/\/obsindustrie.sn\/expo\/wp-json\/wp\/v2\/product_brand?post=12471"},{"taxonomy":"product_cat","embeddable":true,"href":"https:\/\/obsindustrie.sn\/expo\/wp-json\/wp\/v2\/product_cat?post=12471"},{"taxonomy":"product_tag","embeddable":true,"href":"https:\/\/obsindustrie.sn\/expo\/wp-json\/wp\/v2\/product_tag?post=12471"}],"curies":[{"name":"wp","href":"https:\/\/api.w.org\/{rel}","templated":true}]}}