{"id":12465,"date":"2023-08-28T08:49:26","date_gmt":"2023-08-28T08:49:26","guid":{"rendered":"https:\/\/obsindustrie.sn\/expo\/produit\/lampadaire-solaire\/"},"modified":"2023-09-03T17:42:22","modified_gmt":"2023-09-03T17:42:22","slug":"lampadaire-solaire","status":"publish","type":"product","link":"https:\/\/obsindustrie.sn\/expo\/produit\/lampadaire-solaire\/","title":{"rendered":"Entonnoir pour cuve de stockage huiles usag\u00e9es CDP-ENTONSC"},"content":{"rendered":"<body><p>Utilis\u00e9 dans les ateliers et les garages automobiles mais aussi dans les usines, l\u2019entonnoir pour cuve de stockage huiles usag\u00e9es CDP-ENTONSC est indispensable pour pr\u00e9server l\u2019environnement en \u00e9vitant le d\u00e9versement des produits polluants.<\/p>\n<p>Cet accessoire pour le stockage des huiles usag\u00e9es, \u00e0 la fois l\u00e9ger et pratique, est con\u00e7u en polyester arm\u00e9 de fibre de verre et est dot\u00e9 d\u2019un filtre conique en acier avec une maille de 2 mm.<\/p>\n<p>Cet entonnoir pour cuve de stockage huiles usag\u00e9es est appropri\u00e9 pour l\u2019usage avec les f\u00fbts en acier.<\/p>\n<\/body>","protected":false},"excerpt":{"rendered":"<p>Utilis\u00e9 dans les ateliers et les garages automobiles mais aussi dans les usines, l\u2019entonnoir pour cuve de stockage huiles usag\u00e9es CDP-ENTONSC est indispensable pour pr\u00e9server l\u2019environnement en \u00e9vitant le d\u00e9versement<\/p>\n","protected":false},"featured_media":12742,"template":"","meta":{"om_disable_all_campaigns":false},"product_brand":[],"product_cat":[90],"product_tag":[],"class_list":{"0":"post-12465","1":"product","2":"type-product","3":"status-publish","4":"has-post-thumbnail","6":"product_cat-equipement-magasin","8":"first","9":"instock","10":"shipping-taxable","11":"purchasable","12":"product-type-simple"},"aioseo_notices":[],"_links":{"self":[{"href":"https:\/\/obsindustrie.sn\/expo\/wp-json\/wp\/v2\/product\/12465","targetHints":{"allow":["GET"]}}],"collection":[{"href":"https:\/\/obsindustrie.sn\/expo\/wp-json\/wp\/v2\/product"}],"about":[{"href":"https:\/\/obsindustrie.sn\/expo\/wp-json\/wp\/v2\/types\/product"}],"wp:featuredmedia":[{"embeddable":true,"href":"https:\/\/obsindustrie.sn\/expo\/wp-json\/wp\/v2\/media\/12742"}],"wp:attachment":[{"href":"https:\/\/obsindustrie.sn\/expo\/wp-json\/wp\/v2\/media?parent=12465"}],"wp:term":[{"taxonomy":"product_brand","embeddable":true,"href":"https:\/\/obsindustrie.sn\/expo\/wp-json\/wp\/v2\/product_brand?post=12465"},{"taxonomy":"product_cat","embeddable":true,"href":"https:\/\/obsindustrie.sn\/expo\/wp-json\/wp\/v2\/product_cat?post=12465"},{"taxonomy":"product_tag","embeddable":true,"href":"https:\/\/obsindustrie.sn\/expo\/wp-json\/wp\/v2\/product_tag?post=12465"}],"curies":[{"name":"wp","href":"https:\/\/api.w.org\/{rel}","templated":true}]}}