{"id":12457,"date":"2023-08-28T08:25:01","date_gmt":"2023-08-28T08:25:01","guid":{"rendered":"https:\/\/obsindustrie.sn\/expo\/produit\/imprimante-canon\/"},"modified":"2023-09-03T17:22:50","modified_gmt":"2023-09-03T17:22:50","slug":"imprimante-canon","status":"publish","type":"product","link":"https:\/\/obsindustrie.sn\/expo\/produit\/imprimante-canon\/","title":{"rendered":"Moteurs vibrants"},"content":{"rendered":"<body><p>Nous proposons des moteurs vibrants \u00e0 balourds. Les vibrateurs peuvent \u00eatre install\u00e9s dans toutes les positions afin de maximiser la force centrifuge.<\/p>\n<p><b>Caract\u00e9ristiques:<\/b><br>\n\u2013 Sur demande en 220-240\/380-415 Volts \u2013 50 Hz et 220-240\/440-480 volts \u2013 50 Hz.<br>\n\u2013 Moments statiques exprim\u00e9s pour un seul vibrateur.<br>\n\u2013 Type de protection IP 66\/7<br>\n\u2013 Classe d\u2019isolation : F (155\u00b0C).<br>\n\u2013 Moteur tropicalis\u00e9 de s\u00e9rie.<br>\n\u2013 Temp\u00e9rature de fonctionnement : -30\u00b0C \u00e0 +40\u00b0C.<br>\n\u2013 Norme de r\u00e9f\u00e9rence : CEI EN 60034.<\/p>\n<\/body>","protected":false},"excerpt":{"rendered":"<p>Nous proposons des moteurs vibrants \u00e0 balourds. Les vibrateurs peuvent \u00eatre install\u00e9s dans toutes les positions afin de maximiser la force centrifuge. Caract\u00e9ristiques: \u2013 Sur demande en 220-240\/380-415 Volts \u2013<\/p>\n","protected":false},"featured_media":12737,"template":"","meta":{"om_disable_all_campaigns":false},"product_brand":[],"product_cat":[283],"product_tag":[],"class_list":{"0":"post-12457","1":"product","2":"type-product","3":"status-publish","4":"has-post-thumbnail","6":"product_cat-composants-mecaniques","8":"first","9":"instock","10":"shipping-taxable","11":"purchasable","12":"product-type-simple"},"aioseo_notices":[],"_links":{"self":[{"href":"https:\/\/obsindustrie.sn\/expo\/wp-json\/wp\/v2\/product\/12457","targetHints":{"allow":["GET"]}}],"collection":[{"href":"https:\/\/obsindustrie.sn\/expo\/wp-json\/wp\/v2\/product"}],"about":[{"href":"https:\/\/obsindustrie.sn\/expo\/wp-json\/wp\/v2\/types\/product"}],"wp:featuredmedia":[{"embeddable":true,"href":"https:\/\/obsindustrie.sn\/expo\/wp-json\/wp\/v2\/media\/12737"}],"wp:attachment":[{"href":"https:\/\/obsindustrie.sn\/expo\/wp-json\/wp\/v2\/media?parent=12457"}],"wp:term":[{"taxonomy":"product_brand","embeddable":true,"href":"https:\/\/obsindustrie.sn\/expo\/wp-json\/wp\/v2\/product_brand?post=12457"},{"taxonomy":"product_cat","embeddable":true,"href":"https:\/\/obsindustrie.sn\/expo\/wp-json\/wp\/v2\/product_cat?post=12457"},{"taxonomy":"product_tag","embeddable":true,"href":"https:\/\/obsindustrie.sn\/expo\/wp-json\/wp\/v2\/product_tag?post=12457"}],"curies":[{"name":"wp","href":"https:\/\/api.w.org\/{rel}","templated":true}]}}